408, -2*l - 3*j - 267 = 0. Let w = l - -795. List the prime factors of w.
3, 73
Let w be 4/(-24)*0 + 1. Suppose 5*a - 18 = o, 0*a - 5*a = -4*o - 27. What are the prime factors of w - ((-37)/a)/((-11)/(-33))?
2, 19
Let x(v) = -v**2 - v + 25. Let q be x(-5). Suppose 3*y + 26 = 3*k - 706, -3*k + 726 = -q*y. List the prime factors of k.
13, 19
Suppose 0*h + 2*a = -3*h + 14, 0 = 2*h - 4*a + 12. Suppose 5*r + 3*f = 2192, 0*r + h*r = -f + 876. List the prime factors of r.
2, 109
Let y be (6/9)/(10/(-165)). Let n(q) = q**3 + 12*q**2 + 10*q - 7. Let h be n(y). Suppose 283 = h*w - 89. List the prime factors of w.
3, 31
Let m = 5003 - -7542. List the prime factors of m.
5, 13, 193
Suppose 2*n + 36*p - 2048 = 41*p, 4*p + 5086 = 5*n. List the prime factors of n.
2, 3, 13
Let c(n) = 430*n + 6252. What are the prime factors of c(28)?
2, 17, 269
Suppose -114*v + 10672 = 70*v. What are the prime factors of v?
2, 29
Let t(b) = 20*b + 15 + 26 + 87*b - 16. Let g(u) = 53*u + 12. Let k(o) = 5*g(o) - 3*t(o). List the prime factors of k(-2).
97
Suppose 0*m - 25*m - 663867 = -42*m. What are the prime factors of m?
3, 4339
Suppose u - 107 = -105. Suppose u*w = -3*y + 4 + 53, -2 = -2*y. What are the prime factors of w?
3
Let z = 1904 + 331. Suppose 0 = 204*t - 207*t + z. What are the prime factors of t?
5, 149
Let n(a) = 3*a**2 + 16*a + 9. Let v be n(-5). Suppose 2*i - 1911 = -5*y - i, -5*y = -v*i - 1897. What are the prime factors of y?
3, 127
Let o(s) = s**2 - 25*s + 20. Let c be o(25). Let q(y) = 35*y - 66. Let u be q(c). Let m = u + -382. List the prime factors of m.
2, 3, 7
Let a = 48 - 46. Suppose -4*y + a = -18. Suppose 0 = y*g - 171 - 164. List the prime factors of g.
67
Let k = 69 - 19. Let t = -28 + k. Suppose 0 = 24*z - t*z - 96. What are the prime factors of z?
2, 3
Let f be (-115)/69 - 82/(-6). Suppose 18*w - f*w = 4164. What are the prime factors of w?
2, 347
Let g = -33516 - -64451. List the prime factors of g.
5, 23, 269
Let z(s) be the second derivative of s**4/2 + 5*s**3/3 - 9*s**2/2 - 202*s. What are the prime factors of z(4)?
127
Let t(c) = c**3 - 24*c**2 - 16*c - 49. Suppose -18*n - 63 = -513. What are the prime factors of t(n)?
2, 11
Let j = 15381 + -12625. What are the prime factors of j?
2, 13, 53
Let r be (13/1)/((-1)/(4 + -3)). Let y(l) be the third derivative of -l**4/6 + 9*l**3/2 - l**2. List the prime factors of y(r).
79
Suppose -11*d + 2*d + 18 = 0. Suppose -d*q + 5 = -277. List the prime factors of q.
3, 47
Suppose -a + 10130 = 4*w, 2*a - 122*w - 20274 = -123*w. List the prime factors of a.
2, 37, 137
Let p(t) = 12*t**2 + 4*t - 49. Let n(c) = -2*c - 7 - 7*c**2 + 5 + 26 + c**2. Let o(j) = -13*n(j) - 6*p(j). List the prime factors of o(5).
2, 71
Let m be 6/45 + -2*1021/15. List the prime factors of m/(-12)*(-57)/(-2).
17, 19
Suppose -11*i = -4*k - 7*i + 28, -5*k + i + 19 = 0. Suppose 0*q = -k*q + 165. Suppose -f + q = -136. List the prime factors of f.
191
Let q = -15165 + 21779. What are the prime factors of q?
2, 3307
Suppose 2*w + 4*g = -12 - 112, 5*g + 20 = 0. Let z = 63 + w. Suppose z*l + 205 = 1150. What are the prime factors of l?
3, 5, 7
Suppose 0 = -i - 2*d + 7, -2*d - 19 = -i - 7*d. List the prime factors of ((14 - 12)*i)/(4/(-2462)).
1231
Suppose 63008 = 137*o - 133*o. List the prime factors of o.
2, 11, 179
Let z(y) = -y**2 + 2*y + 182. Let n be z(-12). Suppose n*h - 4688 = 6*h. What are the prime factors of h?
2, 293
Let d(n) = 4*n**3 + 42*n**2 - 4*n - 22. Let g(y) = -9*y**3 - 85*y**2 + 10*y + 44. Let o(j) = -5*d(j) - 2*g(j). List the prime factors of o(-20).
2, 11
Let n(u) = -9 - u**2 - 11*u - 11*u - 1. Let k be n(-21). Suppose -z = -k*z + 1850. What are the prime factors of z?
5, 37
Let m = -7231 + 4183. Let l be 6/(-10) + m/(-30). Suppose 2*p = 9 + l. List the prime factors of p.
5, 11
Suppose 9 = 2*p + 3*u - 22, -5*p - 5*u + 65 = 0. Let y(h) = 10 - 3*h - 1 + 12*h. List the prime factors of y(p).
3
Suppose 274 = 3*r + 2*u - 37, 3*r - 5*u - 283 = 0. Suppose 3*l + a - r = 0, 6*l = 9*l - a - 103. What are the prime factors of l?
2, 17
List the prime factors of (-1)/(2/(-4))*(-15760)/(-5)*1.
2, 197
Let p(x) = 2087*x**2 - 88*x + 275. List the prime factors of p(3).
2, 9397
Let q = 91 + -1. Suppose -l + 25 + q = 0. What are the prime factors of 8*2/104 + l/13?
3
Suppose -m + 6882 = -2*y - 228, 0 = 5*y + 5*m + 17805. Let q = y + 5414. List the prime factors of q.
3, 619
Let s(r) = 1036*r**2 + 237*r + 1134. What are the prime factors of s(-5)?
25849
Let b(g) = g**3 + 5*g**2 - 2*g - 8. Let q be b(-4). Suppose -5*z = -q*z + 1892. What are the prime factors of z?
2, 43
List the prime factors of (10 - -824)*(-1)/(3/(-62)).
2, 31, 139
Let s = 32 - -14. Let a = s + -43. Suppose 2*l + 2*g - 52 = -a*g, -3*g = 12. List the prime factors of l.
2, 3
Let x(g) = 12*g**2 + 7*g + 3. Suppose 0 = 5*o + 15, 4 = z - 2*o + 1. Let q be x(z). Let n = 180 - q. List the prime factors of n.
2, 3, 5
Suppose -3*q + 775 = -2*p - 0*p, 2*p + 265 = q. Suppose 3*k + q = -o, 3*o + 4*k = 334 - 1114. Let i = -141 - o. List the prime factors of i.
3, 41
Let i(q) = 4*q**2 - 8 + 6 - 9 - 5*q**2 + 21*q. Let d be i(20). List the prime factors of -1 + 3 - (9 - d).
2
Let i = 221 + 99. Suppose 3*o - 5*w = i, -12*o - 3*w = -11*o - 88. What are the prime factors of o?
2, 5
Suppose -52*k - 14*k = -377124. What are the prime factors of k?
2, 2857
Let j = -37 - -34. Let w(r) = -6*r**3 + 5*r**2 - 14*r. Let m(h) = -17*h**3 + 16*h**2 - 42*h. Let l(z) = j*m(z) + 8*w(z). List the prime factors of l(4).
2, 3, 5
Let q be (85 + -3)/(7/(77/2)). Suppose 10*p = 749 + q. What are the prime factors of p?
2, 3, 5
Suppose -479 = -3*m - 11. Let t = m - 236. What are the prime factors of (t/6)/4*-6?
2, 5
Let b = 108 - 112. Let g be 3*2 + (b - (-3 - -3)). Suppose -655 = -3*p + g*m, 9*p - 4*m = 4*p + 1091. List the prime factors of p.
3, 73
Suppose 188*n - 185*n = y + 23399, -5*n + 3*y + 38997 = 0. What are the prime factors of n?
2, 3, 5, 13
Suppose 0 = 5*y + 10, 18*y = 3*m + 20*y - 2393. Let o = m + -61. What are the prime factors of o?
2, 3, 41
Suppose -z + 5 = -0*z, -143 = 2*a + 3*z. Let t = a + 125. List the prime factors of t.
2, 23
List the prime factors of ((-189)/45 + -7 + 8)/(6/(-89805)).
2, 5987
Suppose 7*k - 24 = 10*k. What are the prime factors of 5163/12 + (18/k)/9?
2, 5, 43
Suppose -t + 2*c = c, 10 = 5*t - 3*c. Suppose w - 3*w + t*g = -483, 0 = 4*w + 3*g - 901. What are the prime factors of w?
229
Let p be (-12 - -8) + 16 + -4. What are the prime factors of (p/(-16))/((-1)/278)?
139
Suppose 3*z - 3*y - 1257 = 30279, 3*z + 2*y = 31531. List the prime factors of z.
23, 457
Suppose -2*d + 14 = 5*d. Suppose d*q = 4*x - 42, x - 39 = -2*x + 4*q. Suppose -102 = -x*s + 7*s. What are the prime factors of s?
3, 17
Suppose 3*z = -2*z. Suppose 38*x = 33 + 5. List the prime factors of (z/x + -124)/(2 - 4).
2, 31
Let b = 31 + -28. Suppose -249 = -b*z + 12. Suppose -d + 8 + z = 0. What are the prime factors of d?
5, 19
Suppose 251*g = 235*g + 117136. What are the prime factors of g?
7321
Suppose 9*w + 23 = 41. List the prime factors of -97*(w - 18/2).
7, 97
Suppose -2*q + 3*m + 1 = -2, q - 8 = -5*m. Suppose 7*o + q = 17. Suppose 4*p + 0 = -12, -296 = -o*n - 4*p. What are the prime factors of n?
2, 7, 11
Suppose -15 = -386*y + 383*y. Suppose 0 = y*k + 4*o - 1910, -6*k + k - o = -1895. What are the prime factors of k?
2, 3, 7
Let z be 8/(-10) + (-12298)/(-10). Let v = z + -489. Suppose -v = -5*h - 2*k, 0 = 4*h + 2*k - 809 + 219. List the prime factors of h.
2, 3, 5
Suppose 0 = -b + 5, 2*z + 3*b = -3 + 6. List the prime factors of (3246/(-12))/(3/z).
541
Let c(j) = 2*j**3 - 2*j**2 - j + 1. Let n(q) = -q + 21. Let i be n(18). Let k be c(i). Let p = 13 + k. What are the prime factors of p?
47
Let f = -308 - -308. Suppose f = 3*z + s - 3155, -1049 = 6*z - 7*z - s. What are the prime factors of z?
3, 13
What are the prime factors of 4383/12*608/24?
19, 487
List the prime factors of ((-1)/3*-2)/(49/186396).
2, 317
Let j = -384 + 334. Let p = 314 - j. What are the prime factors of p?
2, 7, 13
Let d be 1*(6 - 3 - -2). Let b(h) = h + d - 8 + 14 + 22. What are the prime factors of b(-20)?
13
Suppose 8*l - 2390811 - 230739 = -142*l. List the prime factors of l.
17477
Let w be (5778/30)/((-9)/(-30)). Let y = 